et r(m) = -5*m - 6. Let w(l) be the first derivative of -2*l**2 - 6*l - 1. Let z(x) = 5*r(x) - 6*w(x). Determine z(0).
6
Let n(g) be the third derivative of -g**5/20 - g**4/24 - g**3/6 - g**2. Give n(-1).
-3
Let n(z) = -z**2 + 9*z - 8. Let o be n(8). Let r(t) = t. Give r(o).
0
Suppose 4*g - 1 = 7, -4*p - 3*g + 26 = 0. Let o(f) = 2 - 6*f + p + 5*f - 2. Give o(0).
5
Let r(i) be the second derivative of 1/6*i**3 + 0*i**2 + i + 0 - 5/6*i**4. Let x(u) = -u**3 + 8*u**2 - 15*u + 1. Let o be x(5). Determine r(o).
-9
Let h(v) = -v**3 + v**2. Suppose -s - 2*s - 5*p + 4 = 0, 0 = -s + 2*p - 17. Let n = 5 + s. Determine h(n).
12
Let d be (8/3)/(14/21). Let k(i) = 4 - i - d. Calculate k(-1).
1
Let y(p) = p**2 - 5*p - 3 - p - 2*p**2 - 1. Let k be 3 + (-1 - 1*-3). Suppose k*f + 2*a = 4*a - 17, -a = 4. What is y(f)?
1
Let g(h) = h - 10. Let l be g(7). Let i(q) = 7*q**2 + q - 2. Let p(u) = 5*u**2 + u - 2. Let f(a) = -2*i(a) + 3*p(a). What is f(l)?
4
Suppose -3*a + 7*a - 4 = 0. Let m(h) = 3*h + 2 - 1 + a. What is m(-2)?
-4
Let y be 58/(-18) + 14/63. Let x(o) be the second derivative of -o**4/6 - 2*o**3/3 + o**2/2 - o. Calculate x(y).
-5
Let p = 21 + -19. Let o(z) = 4 - 3*z**2 - 3 + z**p. Calculate o(-2).
-7
Let s(p) = 3*p + 11. Let h be s(-2). Let d(g) = -g + 2. Calculate d(h).
-3
Let k(j) be the second derivative of j**4/12 - j**3 + 3*j**2/2 + 2*j. Determine k(6).
3
Let q(t) be the second derivative of t + 1/6*t**3 - t**2 + 0. Suppose -1 + 3 = 2*z. Calculate q(z).
-1
Let j = 3 - 3. Let t = -2 + 2. Suppose -s + t - 5 = j. Let v(w) = -w**3 - 6*w**2 - 6*w - 1. Give v(s).
4
Let d(f) = -f**2 + 7*f - 6. Let g(z) = 2*z**2 + z. Let x be g(-2). Calculate d(x).
0
Let q be (-1)/(-3) + 28/(-12). Let p = 17 - 11. Let u(a) = a**3 - 5 - p*a + 2 + 3*a. What is u(q)?
-5
Let g be ((-2)/6)/((-6)/54). Let f(o) = 4*o**2 - o**3 + 3 - o - 1 - o - g. Calculate f(3).
2
Suppose -3*l = -106 + 115. Let g(c) = -2*c**2 - 3*c + 1. Calculate g(l).
-8
Let g(t) = -5*t + 7*t + t - 2. Determine g(2).
4
Let x = 4 + -4. Let g(z) = -z**3 - z - 6. Determine g(x).
-6
Let m(s) = -s - 12. Let x be ((1 + -1)*(-4)/8)/2. Calculate m(x).
-12
Let h(a) = -4*a + 2*a**2 - 6*a**2 + 4 - 4*a + a**3 + 5*a. Suppose 9*u - 4*u = 2*g - 4, -4*u = -g + 2. Suppose l - 2 = 0, 0 = -n - g*n + 3*l + 6. Give h(n).
-8
Let b(o) be the first derivative of 2*o**3/3 + o**2/2 + o + 3. Suppose -3*j = -3*t, 4*j + 1 = -3. Determine b(t).
2
Let a(t) be the second derivative of -t**5/60 - t**4/24 - 4*t**3/3 + 4*t. Let b(j) be the second derivative of a(j). Determine b(-2).
3
Let g(d) = -3*d**2 - 6*d - 5. Let q(x) = 8*x**2 + 18*x + 15. Let z(k) = -11*g(k) - 4*q(k). Suppose -10 = -5*s, -2*s + 36 = 4*v + 2*s. Calculate z(v).
2
Suppose 3*g - 9 = x - 0*g, x + 12 = 4*g. Suppose x = -3*s + 5 - 2. Let i(h) = 3*h**2 - h + 3*h**2 - 2*h**2. Give i(s).
3
Let v = -6 + 8. Let u(j) = 6*j - 4*j - j**v - j + 2. Give u(-2).
-4
Let b(a) = -a. Suppose s = -3*c - 40, 4*c + 0*s - 5*s + 66 = 0. Let w = c + 27. Let d = 18 - w. Determine b(d).
-5
Let s be (-4)/6 - (-17)/3. Let g(x) = x**3 - 5*x - x + 0*x**2 - 2 - s*x**2. Calculate g(6).
-2
Let n be -2*(-2)/(5/(45/6)). Let b(x) = 4*x**2 - 28*x + 19. Let f(o) = -o**2 + 7*o - 5. Let v(h) = -2*b(h) - 9*f(h). Give v(n).
1
Let u(j) = j**3 + 5*j**2 - j - 4. Let f be u(-5). Let h(c) be the second derivative of -c**3/2 + c**2/2 - c. Give h(f).
-2
Let d(g) = g**3 - g**2 + g - 12. Let q = 49 - 49. Determine d(q).
-12
Let g = 6 + -6. Let u(r) = -2 + 6*r**2 + g*r - 6*r + r - r**3. Let p(i) = -i**2 + 6*i. Let y be p(5). Determine u(y).
-2
Let b = -15 + 12. Let x(f) = f**3 + 3*f**2 + f + 4. Calculate x(b).
1
Suppose 5*u - 15 = y - 2*y, -u + 3*y = -19. Suppose 3*g + 12 = 4*j - g, u*g + 18 = -2*j. Let q(d) = 1 + d**2 + 2*d**2 + 0. What is q(j)?
4
Suppose -2*h - 2*f + 32 = 0, -f - 48 = -3*h + 4*f. Let y be h/6*(4 + -1). Let u be 2/y + (-42)/(-24). Let m(w) = -w**2 - 2*w - 1. Give m(u).
-9
Let r = -3 - -8. Let v(p) = p - 5. Let d be v(r). Let f(z) = -z**3 + z**2 + 1. Calculate f(d).
1
Let q(t) = -t + 11. Let d be q(10). Let v(c) be the first derivative of -5*c**4/2 - c**3/3 + c**2 - c - 1. Calculate v(d).
-10
Let i(w) be the first derivative of 3*w**2/2 + 6*w - 4. Determine i(-4).
-6
Suppose -2*a = 4*w - 7*w - 10, 0 = 4*a + w - 6. Let p(y) = y**2 + 0*y**2 + a - 2*y**2. Let n be (2 + -6)/(-2) + -2. Give p(n).
2
Suppose -h = 2 - 5. Let k(z) = -8*z**2 + 2*z + z**3 + 0*z**h + 5*z. Calculate k(7).
0
Suppose -5*u = -5, -2*s - 12 = 2*s - 4*u. Let t(m) be the third derivative of 0*m - 1/2*m**3 - 1/12*m**4 + 2*m**2 + 0. Give t(s).
1
Let a(w) = -w**2 - 8. Suppose 2*d - 16 + 4 = 0. Suppose 0*c + 3*v + d = 2*c, -4*c = 4*v - 12. Let i(o) = o**2 - 2*o - 3. Let n be i(c). Give a(n).
-8
Let z = 11 - 14. Let q(h) be the second derivative of h**5/60 + h**4/12 - h**3/3 + h. Let k(i) be the second derivative of q(i). Determine k(z).
-4
Suppose 2*i - 2 = 4*u, -4*i = -2*u - 7*i + 19. Let t(f) = 5*f - u*f - f**2 + 5 + f. Let s be t(4). Let p(x) = x**3 - 4*x**2 - 4*x - 1. Calculate p(s).
4
Let j(f) = -11*f**3 - 4 + f + 0*f**2 + 5*f**2 + 2*f + 10*f**3. Determine j(5).
11
Let g(i) = i**3 + 7*i**2 + 4*i - 3. Suppose -3*v - 2*v = 30. Calculate g(v).
9
Let m(d) = d - 4. Let q(c) = -c + 5. Let g(k) = -5*m(k) - 4*q(k). Let p = 3 + -2. Determine g(p).
-1
Let b(l) = -l - 3. Suppose -4*f = 3*q - q + 14, -q - 13 = 5*f. Let a(t) = t**3 - 4*t**2 - 4*t - 8. Let s be a(5). Let y be 0 - (0 - f - s). Determine b(y).
2
Let x be ((-2)/4)/((-3)/6). Let a(u) = -7 - 1 - u + 3 + x. Calculate a(-3).
-1
Let y be 12/9 + (-1)/3. Suppose 0 = -2*x + 7 - 3. Let f(q) = -3*q**2 - 2*q + 3*q + 3*q + y - x*q. What is f(-1)?
-4
Let j(r) = -3*r - 4. Suppose 0 = -b + 1 + 1. Let g be (1 + 5)/((-3)/b). Calculate j(g).
8
Let l(i) = -5*i**2 - 9*i + 2. Let f(r) = -3*r**2 - 5*r + 1. Let s(o) = -7*f(o) + 4*l(o). Calculate s(4).
13
Let o = 157 - 161. Let w(h) = 3*h**2 + 6*h + 4. What is w(o)?
28
Let b(k) = -k**3 + 6*k**2 - 3*k. Let o(j) = 2*j - 43. Let d be o(23). What is b(d)?
18
Suppose -3*c - 2*m + 38 = -4*m, m = 5*c - 54. Let l = c - 15. Let h(o) be the first derivative of 3*o**2/2 + 7*o + 3. What is h(l)?
-8
Suppose 4*l - 2 - 14 = 0. Let p(g) = g**2 - 2*g. Let u(q) = q**2 - 2*q. Let a(c) = -c**2 + c + 4. Let i be a(3). Let s(v) = i*p(v) + 3*u(v). What is s(l)?
8
Let t(z) be the second derivative of -z**8/6720 + z**6/720 - z**5/10 - z**4/3 - 2*z. Let n(v) be the third derivative of t(v). Determine n(0).
-12
Let o be ((-3)/(-2))/(6/16). Let f(a) = -a**3 - a**2. Let z(c) = 2*c**3 + 7*c**2 + 3*c - 4. Let v(g) = -3*f(g) - z(g). Determine v(o).
-8
Suppose -r = -3 + 4. Let a(u) be the second derivative of 2*u**3/3 - 3*u**2/2 - 4*u. Let i(g) = 5*g - 2. Let w(c) = -3*a(c) + 4*i(c). Determine w(r).
-7
Let o(x) be the third derivative of -x**6/120 + x**4/12 + x**3/6 + 6*x**2. Determine o(2).
-3
Suppose 4*m = m. Let d(a) = -a**3 + a + 6. Calculate d(m).
6
Suppose k - 5 = -3*o, 5*k + 17 = -o - 0*o. Let r be k/6 + (-12)/9. Let l(n) be the second derivative of -n**5/10 - n**4/12 + n**3/3 + n**2/2 - n. Give l(r).
9
Let j(v) be the first derivative of v**2 - 2*v + 1. Suppose -4*w + 15 = 3*n, 3*n - 14 - 1 = 5*w. Suppose 4*d + t = -10, 3*d + 3*t + 2*t - 1 = w. Give j(d).
-8
Let a(q) be the second derivative of q**3/6 + 7*q**2/2 + 2*q. Give a(-4).
3
Let s(w) = -6 + 2*w**3 - 2 + 2 - w**3 - w. Calculate s(0).
-6
Let t(v) be the second derivative of -v**4/12 - v**3/6 - 5*v**2 - 5*v. Give t(0).
-10
Let c(f) = -f**2 + f**2 - f**2. Suppose 2*i = 4*h - 3*i - 15, -9 = -5*h + 3*i. Let o(x) = x**3 + x**2 - x - 1. Let r be o(h). Determine c(r).
-1
Let y be (0 + 1)/(3/12). Let p be 144/78 + y/26. Let h(v) = -2 - v**p - 5*v - 1 - v. Calculate h(-3).
6
Let u = 3 + -1. Suppose -u*z = -3*z. Let w(j) = -j**2 + j. Calculate w(z).
0
Let m(k) = 332 + k**2 + 3*k - 335 - 2*k. What is m(-4)?
9
Let z(f) = f**2 + 6*f + 2. Let r(y) = y**2 + 6*y + 1. Let l = 11 - 7. Let u(t) = l*r(t) - 3*z(t). Give u(-6).
-2
Let u(b) = -b + 5. Let o(l) = l + 15. Let k = 0 - -1. Let w = k + -12. Let s be o(w). Determine u(s).
1
Let d = -22 + 24. Let x(q) = q**3 + 2*q**2 + 2*q**d + q**2 - 7*q - 2. Give x(-6).
4
Suppose 0 = -b + 5*g - 8, -2*g = 6*b - 4*b - 8. Let r(y) be the second derivative of 5/12*y**4 - 3*y + 0 + 1/20*y**5 + 1/2*y**3 - b*y**2. What is